43 (base 5) to base 16
17
Convert 10 (base 7) to base 16.
7
What is -2 (base 5) in base 3?
-2
-6 (base 15) to base 5
-11
31 (base 12) to base 4
211
-100110 (base 2) to base 3
-1102
-110 (base 5) to base 2
-11110
What is -3 (base 12) in base 2?
-11
-4a (base 16) to base 10
-74
-11 (base 8) to base 10
-9
Convert -113 (base 4) to base 5.
-43
Convert 1 (base 12) to base 10.
1
What is -37 (base 11) in base 7?
-55
122 (base 4) to base 6
42
What is 12 (base 3) in base 15?
5
What is e (base 15) in base 6?
22
Convert -30 (base 4) to base 6.
-20
Convert 3 (base 10) to base 8.
3
36 (base 14) to base 15
33
What is 2 (base 9) in base 3?
2
Convert 6 (base 13) to base 12.
6
Convert 1013 (base 5) to base 10.
133
What is 102 (base 6) in base 14?
2a
1 (base 11) to base 15
1
-2 (base 6) to base 8
-2
Convert 132 (base 12) to base 8.
266
Convert 122 (base 12) to base 4.
2222
-67 (base 10) to base 7
-124
-100 (base 2) to base 15
-4
-3 (base 15) to base 14
-3
Convert -1 (base 8) to base 7.
-1
Convert 341 (base 6) to base 8.
205
-5 (base 10) to base 16
-5
What is -100 (base 5) in base 3?
-221
What is 513 (base 6) in base 10?
189
Convert -24 (base 15) to base 9.
-37
What is -1 (base 7) in base 15?
-1
0 (base 5) to base 8
0
What is -166 (base 8) in base 11?
-a8
-4 (base 16) to base 10
-4
What is -1a (base 11) in base 16?
-15
Convert -155 (base 6) to base 5.
-241
Convert -11 (base 4) to base 11.
-5
3 (base 11) to base 6
3
Convert 22 (base 6) to base 4.
32
6 (base 10) to base 7
6
What is 10 (base 8) in base 14?
8
What is 12 (base 8) in base 14?
a
1c (base 13) to base 15
1a
2 (base 7) to base 14
2
What is 69 (base 10) in base 16?
45
-5 (base 14) to base 16
-5
Convert -424 (base 5) to base 12.
-96
-3 (base 4) to base 14
-3
5 (base 16) to base 2
101
Convert 194 (base 11) to base 13.
143
-4 (base 12) to base 16
-4
-a9 (base 12) to base 8
-201
What is -11 (base 9) in base 7?
-13
Convert 43 (base 14) to base 10.
59
21 (base 13) to base 2
11011
Convert -137 (base 8) to base 7.
-164
Convert 42 (base 6) to base 15.
1b
Convert 2002 (base 3) to base 4.
320
1 (base 7) to base 14
1
102 (base 3) to base 9
12
Convert 158 (base 11) to base 10.
184
-4 (base 16) to base 13
-4
3 (base 12) to base 5
3
What is 2c (base 14) in base 9?
44
-4 (base 12) to base 6
-4
What is -33 (base 6) in base 4?
-111
-5b (base 16) to base 14
-67
-21 (base 11) to base 16
-17
-14 (base 7) to base 8
-13
What is -335 (base 7) in base 11?
-148
6 (base 15) to base 14
6
What is -1c (base 15) in base 10?
-27
What is 3 (base 5) in base 13?
3
What is 1 (base 13) in base 3?
1
2 (base 14) to base 15
2
4 (base 13) to base 12
4
Convert -1045 (base 6) to base 3.
-100002
What is 3 (base 11) in base 3?
10
What is -1 (base 10) in base 14?
-1
1202 (base 4) to base 8
142
-57 (base 15) to base 6
-214
2 (base 15) to base 6
2
310 (base 5) to base 3
2222
Convert -3 (base 8) to base 3.
-10
Convert 56 (base 14) to base 16.
4c
Convert -2 (base 15) to base 8.
-2
Convert 2 (base 7) to base 11.
2
Convert 7 (base 13) to base 15.
7
Convert 340 (base 6) to base 2.
10000100
What is 16 (base 9) in base 10?
15
-11 (base 9) to base 13
-a
Convert 23 (base 4) to base 8.
13
Convert -2e (base 16) to base 5.
-141
Convert 1 (base 2) to base 4.
1
What is 11 (base 2) in base 13?
3
Convert -18 (base 9) to base 12.
-15
What is 111 (base 3) in base 10?
13
What is 30 (base 6) in base 3?
200
What is 41 (base 15) in base 11?
56
Convert 96 (base 12) to base 13.
8a
Convert 11 (base 4) to base 13.
5
1011 (base 4) to base 9
76
0 (base 10) to base 12
0
-11 (base 7) to base 3
-22
-44 (base 6) to base 10
-28
Convert 31 (base 6) to base 3.
201
Convert 8a (base 12) to base 2.
1101010
-1 (base 4) to base 6
-1
Convert 11 (base 6) to base 16.
7
-1 (base 9) to base 6
-1
Convert 3 (base 9) to base 14.
3
Convert -2 (base 14) to base 9.
-2
-57 (base 8) to base 5
-142
What is 221 (base 3) in base 13?
1c
-141 (base 5) to base 12
-3a
What is -1 (base 5) in base 13?
-1
13 (base 4) to base 5
12
What is -31 (base 14) in base 13?
-34
Convert 202 (base 8) to base 7.
244
What is 3 (base 5) in base 2?
11
0 (base 2) to base 7
0
What is 17 (base 11) in base 4?
102
-4 (base 7) to base 4
-10
What is -307 (base 8) in base 15?
-d4
Convert 14 (base 10) to base 7.
20
3 (base 7) to base 15
3
Convert -4 (base 6) to base 11.
-4
What is 1 (base 5) in base 9?
1
120 (base 3) to base 10
15
What is 9 (base 13) in base 15?
9
Convert 3 (base 16) to base 11.
3
What is -14 (base 6) in base 12?
-a
What is 16 (base 7) in base 13?
10
Convert -9 (base 15) to base 6.
-13
What is -101011 (base 2) in base 9?
-47
120 (base 5) to base 8
43
Convert -1 (base 3) to base 6.
-1
-15 (base 13) to base 2
-10010
What is -2 (base 4) in base 15?
-2
What is 30 (base 4) in base 13?
c
-14 (base 9) to base 14
-d
-3 (base 10) to base 14
-3
What is -2022 (base 3) in base 2?
-111110
-24 (base 8) to base 3
-202
Convert -3 (base 11) to base 4.
-3
Convert 10000110 (base 2) to base 16.
86
Convert -45 (base 16) to base 2.
-1000101
7 (base 15) to base 7
10
11 (base 4) to base 9
5
2c (base 15) to base 6
110
-d7 (base 14) to base 3
-21000
5 (base 15) to base 4
11
What is 69 (base 10) in base 4?
1011
Convert -137 (base 8) to base 16.
-5f
Convert 12 (base 4) to base 10.
6
Convert 1101 (base 2) to base 6.
21
What is 16 (base 15) in base 10?
21
5 (base 8) to base 11
5
Convert 1 (base 11) to base 8.
1
What is 5 (base 12) in base 5?
10
What is 300 (base 4) in base 11?
44
Convert 102 (base 3) to base 13.
b
Convert -1 (base 13) to base 15.
-1
What is 2 (base 4) in base 12?
2
-cc (base 15) to base 4
-3000
Convert -20000 (base 3) to base 13.
-c6
10010110 (base 2) to base 8
226
What is 113 (base 4) in base 11?
21
Convert -128 (base 15) to base 14.
-14b
What is 110 (base 6) in base 15?
2c
Convert 2 (base 11) to base 16.
2
Convert 388 (base 10) to base 5.
3023
What is -1111 (base 2) in base 10?
-15
-21 (base 15) to base 12
-27
-a9 (base 11) to base 14
-87
3 (base 15) to base 3
10
What is 3 (base 4) in base 16?
3
What is -5 (base 6) in base 11?
-5
-4 (base 8) to base 16
-4
-15 (base 15) to base 2
-10100
-4 (base 5) to base 13
-4
-1 (base 7) to base 3
-1
Convert 101 (base 6) to base 9.
41
What is -2e (base 15) in base 4?
-230
Convert -15 (base 10) to base 6.
-23
Convert 121 (base 5) to base 3.
1100
What is 4 (base 13) in base 14?
4
What is 5 (base 7) in base 9?
5
Convert 3 (base 13) to base 10.
3
What is 16 (base 16) in base 15?
17
-21 (base 4) to base 7
-12
Convert 2 (base 8) to base 3.
2
Convert b8 (base 13) to base 7.
304
What is 149 (base 13) in base 5?
1410
-256 (base 7) to base 16
-8b
-42 (base 11) to base 7
-64
0 (base 2) to base 9
0
-1202 (base 3) to base 5
-142
Convert 310 (base 7) to base 6.
414
What is 11 (base 7) in base 9?
8
Convert 11 (base 2) to base 14.
3
-2021 (base 3) to base 4
-331
Convert 82 (base 10) to base 7.
145
Convert -2 (base 14) to base 8.
-2
What is 11 (base 3) in base 15?
4
What is 80 (base 11) in base 8?
130
111 (base 2) to base 16
7
What is -299 (base 10) in base 15?
-14e
What is -127 (base 9) in base 3?
-10221
Convert -12 (base 5) to base 12.
-7
What is -202 (base 3) in base 13?
-17
0 (base 15) to base 16
0
What is -12 (base 13) in base 16?
-f
-200 (base 6) to base 12
-60
What is 2 (base 16) in base 13?
2
-55 (base 14) to base 6
-203
Convert 5 (base 11) to base 10.
5
Convert -30 (base 5) to base 8.
-17
What is 22 (base 16) in base 12?
2a
What is 11 (base 5) in base 10?
6
-10a (base 15) to base 16
-eb
4 (base 11) to base 4
10
-15 (base 13) to base 10
-18
62 (base 14) to base 12
72
a (base 14) to base 15
a
42 (base 10) to base 3
1120
Convert -11111 (base 2) to base 14.
-23
Convert 0 (base 14) to base 7.
0
What is 12 (base 3) in base 10?
5
Convert 70 (base 16) to base 15.
77
-350 (base 6) to base 8
-212
What is 10111 (base 2) in base 11?
21
What is 44 (base 10) in base 7?
62
5b (base 12) to base 8
107
What is -10001000 (base 2) in base 9?
-161
Convert -1103 (base 5) to base 7.
-306
What is a (base 15) in base 4?
22
What is -d (base 16) in base 3?
-111
Convert 46 (base 10) to base 8.
56
Convert -3 (base 5) to base 8.
-3
-a (base 12) to base 8
-12
What is -100111 (base 2) in base 4?
-213
13 (base 8) to base 3
102
7 (base 14) to base 12
7
2 (base 4) to base 13
2
-38 (base 16) to base 5
-211
What is -4 (base 15) in base 7?
